te the remainder when 508 is divided by 49.
18
What is the remainder when 13 is divided by 2?
1
What is the remainder when 29143 is divided by 59?
56
Calculate the remainder when 20724 is divided by 147.
144
What is the remainder when 304 is divided by 15?
4
Calculate the remainder when 3468 is divided by 91.
10
What is the remainder when 574 is divided by 16?
14
Calculate the remainder when 403 is divided by 4.
3
What is the remainder when 83 is divided by 29?
25
Calculate the remainder when 7456 is divided by 22.
20
Calculate the remainder when 138 is divided by 23.
0
Calculate the remainder when 45 is divided by 6.
3
What is the remainder when 139 is divided by 43?
10
What is the remainder when 15815 is divided by 6?
5
Calculate the remainder when 2267 is divided by 149.
32
What is the remainder when 37 is divided by 26?
11
What is the remainder when 432 is divided by 71?
6
What is the remainder when 240 is divided by 138?
102
What is the remainder when 625 is divided by 91?
79
What is the remainder when 1061 is divided by 28?
25
Calculate the remainder when 5919 is divided by 21.
18
Calculate the remainder when 47 is divided by 16.
15
What is the remainder when 274 is divided by 136?
2
Calculate the remainder when 43 is divided by 12.
7
What is the remainder when 170 is divided by 51?
17
What is the remainder when 1170 is divided by 102?
48
Calculate the remainder when 256 is divided by 52.
48
Calculate the remainder when 2132 is divided by 20.
12
Calculate the remainder when 7973 is divided by 140.
133
What is the remainder when 2768 is divided by 13?
12
Calculate the remainder when 369 is divided by 74.
73
What is the remainder when 778 is divided by 256?
10
What is the remainder when 529 is divided by 248?
33
What is the remainder when 961 is divided by 160?
1
Calculate the remainder when 119 is divided by 73.
46
Calculate the remainder when 1161 is divided by 51.
39
Calculate the remainder when 32 is divided by 28.
4
Calculate the remainder when 564 is divided by 19.
13
What is the remainder when 66 is divided by 9?
3
What is the remainder when 898 is divided by 31?
30
Calculate the remainder when 1083 is divided by 221.
199
Calculate the remainder when 38 is divided by 14.
10
What is the remainder when 383 is divided by 235?
148
What is the remainder when 141 is divided by 37?
30
What is the remainder when 148 is divided by 23?
10
What is the remainder when 1534 is divided by 81?
76
Calculate the remainder when 247 is divided by 37.
25
What is the remainder when 439 is divided by 89?
83
What is the remainder when 583 is divided by 96?
7
Calculate the remainder when 733 is divided by 15.
13
Calculate the remainder when 1224 is divided by 394.
42
Calculate the remainder when 20 is divided by 2.
0
Calculate the remainder when 69 is divided by 28.
13
Calculate the remainder when 60 is divided by 22.
16
What is the remainder when 4963 is divided by 13?
10
Calculate the remainder when 1644 is divided by 118.
110
Calculate the remainder when 1360 is divided by 448.
16
Calculate the remainder when 101 is divided by 21.
17
What is the remainder when 11898 is divided by 25?
23
What is the remainder when 38 is divided by 31?
7
What is the remainder when 1118 is divided by 540?
38
What is the remainder when 44 is divided by 6?
2
What is the remainder when 4468 is divided by 9?
4
Calculate the remainder when 88 is divided by 6.
4
What is the remainder when 80 is divided by 22?
14
Calculate the remainder when 494 is divided by 28.
18
Calculate the remainder when 602 is divided by 45.
17
What is the remainder when 1062 is divided by 28?
26
Calculate the remainder when 452 is divided by 103.
40
What is the remainder when 3583 is divided by 5?
3
Calculate the remainder when 359 is divided by 168.
23
Calculate the remainder when 45 is divided by 6.
3
What is the remainder when 251 is divided by 53?
39
Calculate the remainder when 1296 is divided by 100.
96
Calculate the remainder when 5294 is divided by 2643.
8
What is the remainder when 8122 is divided by 65?
62
Calculate the remainder when 1342 is divided by 112.
110
Calculate the remainder when 5517 is divided by 115.
112
Calculate the remainder when 241 is divided by 91.
59
What is the remainder when 639 is divided by 317?
5
Calculate the remainder when 353 is divided by 7.
3
Calculate the remainder when 690 is divided by 21.
18
Calculate the remainder when 2569 is divided by 18.
13
Calculate the remainder when 1524 is divided by 109.
107
Calculate the remainder when 1280 is divided by 3.
2
Calculate the remainder when 361 is divided by 137.
87
What is the remainder when 245 is divided by 62?
59
What is the remainder when 699 is divided by 10?
9
Calculate the remainder when 1251 is divided by 87.
33
What is the remainder when 737 is divided by 239?
20
Calculate the remainder when 1510 is divided by 56.
54
What is the remainder when 2257 is divided by 133?
129
Calculate the remainder when 385 is divided by 191.
3
What is the remainder when 335 is divided by 48?
47
Calculate the remainder when 246 is divided by 235.
11
What is the remainder when 38 is divided by 7?
3
Calculate the remainder when 125 is divided by 10.
5
What is the remainder when 545 is divided by 183?
179
What is the remainder when 107 is divided by 23?
15
What is the remainder when 1134 is divided by 199?
139
Calculate the remainder when 263 is divided by 161.
102
What is the remainder when 106 is divided by 44?
18
What is the remainder when 1695 is divided by 565?
0
What is the remainder when 235 is divided by 40?
35
Calculate the remainder when 5003 is divided by 81.
62
Calculate the remainder when 79 is divided by 27.
25
What is the remainder when 438 is divided by 63?
60
What is the remainder when 923 is divided by 153?
5
What is the remainder when 96 is divided by 23?
4
What is the remainder when 344 is divided by 60?
44
Calculate the remainder when 138 is divided by 3.
0
Calculate the remainder when 66 is divided by 16.
2
Calculate the remainder when 258 is divided by 54.
42
Calculate the remainder when 951 is divided by 4.
3
Calculate the remainder when 4423 is divided by 15.
13
Calculate the remainder when 975 is divided by 77.
51
What is the remainder when 43 is divided by 24?
19
Calculate the remainder when 103 is divided by 21.
19
Calculate the remainder when 459 is divided by 109.
23
What is the remainder when 245 is divided by 67?
44
Calculate the remainder when 565 is divided by 81.
79
Calculate the remainder when 459 is divided by 436.
23
Calculate the remainder when 703 is divided by 44.
43
What is the remainder when 35 is divided by 26?
9
Calculate the remainder when 247 is divided by 119.
9
Calculate the remainder when 37 is divided by 25.
12
Calculate the remainder when 1652 is divided by 547.
11
Calculate the remainder when 530 is divided by 9.
8
Calculate the remainder when 378 is divided by 57.
36
What is the remainder when 103 is divided by 15?
13
What is the remainder when 332 is divided by 37?
36
Calculate the remainder when 309 is divided by 62.
61
What is the remainder when 9053 is divided by 151?
144
What is the remainder when 6570 is divided by 212?
210
Calculate the remainder when 99 is divided by 79.
20
What is the remainder when 248 is divided by 21?
17
Calculate the remainder when 166 is divided by 24.
22
Calculate the remainder when 125 is divided by 52.
21
Calculate the remainder when 314 is divided by 53.
49
Calculate the remainder when 212 is divided by 18.
14
What is the remainder when 758 is divided by 8?
6
Calculate the remainder when 181 is divided by 60.
1
Calculate the remainder when 35 is divided by 12.
11
What is the remainder when 682 is divided by 18?
16
What is the remainder when 21 is divided by 20?
1
What is the remainder when 493 is divided by 124?
121
Calculate the remainder when 568 is divided by 26.
22
Calculate the remainder when 4288 is divided by 58.
54
What is the remainder when 9233 is divided by 29?
11
What is the remainder when 168 is divided by 10?
8
What is the remainder when 120 is divided by 31?
27
What is the remainder when 27 is divided by 12?
3
What is the remainder when 127 is divided by 98?
29
Calculate the remainder when 1020 is divided by 33.
30
Calculate t